4569595?
9
What is the units digit of 34815973?
3
What is the tens digit of 1075192?
9
What is the units digit of 2204255?
5
What is the thousands digit of 7294607?
4
What is the tens digit of 4264269?
6
What is the tens digit of 6944094?
9
What is the ten thousands digit of 4104066?
0
What is the ten thousands digit of 856257?
5
What is the hundred thousands digit of 2619783?
6
What is the hundreds digit of 351345?
3
What is the thousands digit of 49687?
9
What is the units digit of 6384735?
5
What is the thousands digit of 13795105?
5
What is the thousands digit of 14123433?
3
What is the hundreds digit of 370440?
4
What is the ten thousands digit of 261020?
6
What is the hundreds digit of 14634?
6
What is the thousands digit of 1893782?
3
What is the tens digit of 765473?
7
What is the ten millions digit of 10945038?
1
What is the tens digit of 11835179?
7
What is the tens digit of 3692396?
9
What is the hundreds digit of 110313?
3
What is the ten thousands digit of 42127?
4
What is the hundreds digit of 3393786?
7
What is the thousands digit of 490879?
0
What is the units digit of 585718?
8
What is the units digit of 4591897?
7
What is the ten thousands digit of 5062607?
6
What is the ten thousands digit of 761150?
6
What is the hundred thousands digit of 5576477?
5
What is the thousands digit of 1108580?
8
What is the thousands digit of 2310308?
0
What is the tens digit of 930183?
8
What is the tens digit of 585808?
0
What is the millions digit of 11396852?
1
What is the hundred thousands digit of 721009?
7
What is the millions digit of 4691332?
4
What is the tens digit of 137278?
7
What is the hundred thousands digit of 6299013?
2
What is the tens digit of 608419?
1
What is the hundred thousands digit of 379164?
3
What is the hundreds digit of 396667?
6
What is the tens digit of 129214?
1
What is the units digit of 207711?
1
What is the hundreds digit of 23491005?
0
What is the units digit of 34921589?
9
What is the hundreds digit of 13249087?
0
What is the hundreds digit of 150096?
0
What is the units digit of 1680947?
7
What is the units digit of 1584479?
9
What is the hundred thousands digit of 290375?
2
What is the hundreds digit of 432126?
1
What is the tens digit of 119606?
0
What is the units digit of 5551076?
6
What is the hundred thousands digit of 2487854?
4
What is the units digit of 307280?
0
What is the units digit of 2042290?
0
What is the hundreds digit of 3241218?
2
What is the thousands digit of 13659042?
9
What is the hundred thousands digit of 251803?
2
What is the tens digit of 200618?
1
What is the hundreds digit of 165992?
9
What is the thousands digit of 105106?
5
What is the hundreds digit of 517561?
5
What is the hundreds digit of 7812602?
6
What is the units digit of 244095?
5
What is the tens digit of 800273?
7
What is the thousands digit of 3356434?
6
What is the thousands digit of 133016?
3
What is the tens digit of 779893?
9
What is the tens digit of 214151?
5
What is the hundred thousands digit of 15991668?
9
What is the hundreds digit of 706633?
6
What is the millions digit of 2044116?
2
What is the tens digit of 190457?
5
What is the hundred thousands digit of 7033327?
0
What is the units digit of 81702?
2
What is the ten thousands digit of 1688981?
8
What is the tens digit of 2103070?
7
What is the millions digit of 6996258?
6
What is the units digit of 7725770?
0
What is the hundred thousands digit of 204780?
2
What is the hundreds digit of 124927?
9
What is the ten thousands digit of 202203?
0
What is the units digit of 281612?
2
What is the ten thousands digit of 5928261?
2
What is the ten thousands digit of 3266483?
6
What is the thousands digit of 207807?
7
What is the millions digit of 2908008?
2
What is the hundred thousands digit of 322282?
3
What is the tens digit of 33116?
1
What is the tens digit of 206058?
5
What is the ten thousands digit of 5519899?
1
What is the hundreds digit of 6966500?
5
What is the ten thousands digit of 8366385?
6
What is the ten thousands digit of 1322173?
2
What is the hundred thousands digit of 1560761?
5
What is the hundred thousands digit of 641414?
6
What is the hundred thousands digit of 1599619?
5
What is the ten thousands digit of 276022?
7
What is the ten thousands digit of 209619?
0
What is the units digit of 335424?
4
What is the hundred thousands digit of 224055?
2
What is the units digit of 32099?
9
What is the ten thousands digit of 29090115?
9
What is the hundred thousands digit of 4569491?
5
What is the ten thousands digit of 214901?
1
What is the hundreds digit of 1927153?
1
What is the hundreds digit of 212279?
2
What is the thousands digit of 1411051?
1
What is the tens digit of 15244769?
6
What is the units digit of 227233?
3
What is the tens digit of 3484402?
0
What is the units digit of 56368?
8
What is the millions digit of 3581500?
3
What is the hundreds digit of 161785?
7
What is the tens digit of 139580?
8
What is the tens digit of 1637505?
0
What is the ten thousands digit of 22357333?
5
What is the hundred thousands digit of 207307?
2
What is the tens digit of 8035573?
7
What is the millions digit of 9512611?
9
What is the tens digit of 1085370?
7
What is the ten millions digit of 15663767?
1
What is the units digit of 4479637?
7
What is the hundreds digit of 6896899?
8
What is the hundred thousands digit of 228157?
2
What is the thousands digit of 6621080?
1
What is the ten thousands digit of 1754362?
5
What is the hundreds digit of 452334?
3
What is the units digit of 525552?
2
What is the ten thousands digit of 411412?
1
What is the ten thousands digit of 559261?
5
What is the units digit of 146911?
1
What is the tens digit of 4416303?
0
What is the ten thousands digit of 639104?
3
What is the thousands digit of 33119818?
9
What is the ten thousands digit of 1273233?
7
What is the thousands digit of 1376848?
6
What is the hundred thousands digit of 12347153?
3
What is the units digit of 510087?
7
What is the hundreds digit of 5574428?
4
What is the hundreds digit of 64075?
0
What is the units digit of 565563?
3
What is the ten thousands digit of 1345571?
4
What is the hundred thousands digit of 1026313?
0
What is the hundreds digit of 3564452?
4
What is the tens digit of 3107232?
3
What is the hundred thousands digit of 3905361?
9
What is the units digit of 1473980?
0
What is the ten thousands digit of 22196265?
9
What is the tens digit of 140438?
3
What is the hundred thousands digit of 1133925?
1
What is the units digit of 8104497?
7
What is the millions digit of 28365406?
8
What is the ten thousands digit of 2668753?
6
What is the millions digit of 1147434?
1
What is the ten thousands digit of 97789?
9
What is the tens digit of 527362?
6
What is the hundreds digit of 103971?
9
What is the ten thousands digit of 1323500?
2
What is the hundred thousands digit of 204782?
2
What is the ten thousands digit of 1836669?
3
What is the tens digit of 25931?
3
What is the thousands digit of 106804?
6
What is the tens digit of 372889?
8
What is the hundreds digit of 294997?
9
What is the units digit of 161245?
5
What is the units digit of 25669972?
2
What is the units digit of 2629270?
0
What is the tens digit of 516477?
7
What is the ten thousands digit of 15449?
1
What is the tens digit of 1631739?
3
What is the units digit of 682149?
9
What is the ten thousands digit of 879579?
7
What is the millions digit of 6541477?
6
What is the hundred thousands digit of 153490?
1
What is the units digit of 9805023?
3
What is the ten thousands digit of 1961496?
6
What is the hundreds digit of 937553?
5
What is the units digit of 1039139?
9
What is the units digit of 233771?
1
What is the hundred thousands digit of 10655232?
6
What is the hundred thousands digit of 569058?
5
What is the tens digit of 182277?
7
What is the hundred thousands digit of 248459?
2
What is the hundreds digit of 397293?
2
What is the units digit of 19711?
1
What is the thousands digit of 118179?
8
What is the hundred thousands digit of 309028?
3
What is the tens digit of 5613807?
0
What is the hundred thousands digit of 1472608?
4
What is the millions digit of 9020132?
9
What is the tens digit of 8059451?
5
What is the units digit of 836550?
0
What is the hundred thousands di